 the first derivative of 149 + 1/3*t**3 - 3*t + 0*t**2. Calculate l(-2).
1
Suppose -5*j + m + 22 + 20 = 0, -5*m + 24 = j. Suppose 17*a + 16 = j*a. Let x(v) = -4*v**3 - v**2 - 2*v - 2. Give x(a).
30
Let v(c) = -9*c - 5. Let g(z) = 50*z + 27. Let h(j) = -2*g(j) - 11*v(j). Let s = 3 + -10. Determine h(s).
8
Suppose -2*g = y - 2, -y + 6*y + 3*g = 10. Let t be (5 + -5)/((y - 3)*1). Let m(i) = 2*i. Give m(t).
0
Let s(d) = -4 + 120*d + 123*d - 230*d. Let w(c) = c**2 + 3*c. Let x(i) = -s(i) + w(i). Calculate x(7).
-17
Suppose 39 - 47 = -8*t. Let i(m) = -3*m - m**3 + t + 3*m**3 - 11*m**2 + 14*m**2. Give i(-3).
-17
Let p(i) = -5*i + 31. Let m(b) be the second derivative of -b**3/6 + 3*b**2 + 3*b - 16. Let l(j) = -33*m(j) + 6*p(j). Determine l(5).
3
Suppose 0 = 6*i - 87 + 44 - 5. Let n(o) = -o**2 + 5*o + 18. Give n(i).
-6
Let n be ((-2)/(-5))/((-9)/(-45)). Let o(m) = -1. Let r(k) = 2*k. Let h(f) = f. Let l(d) = -7*h(d) + 3*r(d). Let w(a) = -4*l(a) - o(a). Give w(n).
9
Let m(o) = 6*o - 2*o - 3*o + 5. Let u be 248/(-217) - (-473)/77. What is m(u)?
10
Let l(g) = -g**2 - 8*g - 8. Let n be l(-6). Suppose -4*d + 4 = -n. Let t(r) = -17 + r**3 + 10 + 11 - 3*r**2 + d*r. Give t(3).
10
Let d(m) = 11*m**3 + 33*m**2 + 41*m - 26. Let q(b) = -31*b**3 - 99*b**2 - 122*b + 81. Let g(n) = 17*d(n) + 6*q(n). What is g(34)?
10
Let v(t) be the first derivative of -t**3 - 1/20*t**5 - 12 + 5*t - 2/3*t**4 + 0*t**2. Let m(u) be the first derivative of v(u). Calculate m(-7).
-7
Let j(y) be the second derivative of -y**4/12 + 5*y**3/6 + 7*y**2/2 + 152*y. Suppose 21 = 28*q - 25*q. Give j(q).
-7
Let z(d) = -2*d - 2. Suppose 11*q + 66 = 8*q + 14*q. Determine z(q).
-14
Suppose 32*m = 29*m + 3*i - 6, 0 = -3*m - i + 10. Let q(t) = -76*t - 8. Give q(m).
-160
Let x(y) = -4*y**2 + 4*y + 3*y**2 - 10 - 9 + 15. Let p(v) = -2*v + 10. Let d be p(-9). Let w = d + -25. Give x(w).
-1
Let a be (13 + -38)*(7 + 170/(-25)). Let u(p) = 13*p**2 - 7*p**2 + 6*p - 3*p + p**3. Give u(a).
10
Let w(q) = q**3 + 15*q**2 + 52*q - 13. Let j be w(-7). Let t(n) = -10*n + 160. Calculate t(j).
10
Suppose 0 = -16*g - 4*g + 8460. Suppose 16*a - g = 281. Let o(z) = -7 - a*z + 16*z + 20*z - z**2. Determine o(-6).
5
Let w = 13 + -19. Let d be 2 - (0 - (-3 - w)). Let c(s) = 5*s - d*s - 1 + 2*s - s**3 + 6*s**3 - 2*s**2. Calculate c(1).
4
Let w(p) be the third derivative of 1/6*p**3 + 0*p**4 + 0 - p**2 + 51*p + 1/30*p**5. Let t be 2/2*(-1 + 2). Give w(t).
3
Suppose -3*i - 2*t + 5 = 1, -t = -3*i + 16. Let v(k) = -3*k + 4. Let y = -18 + 13. Let w(p) = -4*p + 5. Let l(m) = i*w(m) + y*v(m). What is l(-3)?
3
Let k(z) = z**3 - 59*z**2 - 54*z - 360. Let c be k(60). Let t(w) = 4*w**2 - 8*w + 6. Give t(c).
6
Let m(h) = h - 2. Let y be m(-2). Let z = 288 + -36. Let u(p) = z*p - 247*p + 68*p**2 + 2 - 67*p**2. Calculate u(y).
-2
Suppose 0 = 19*a + 2*a. Let c(h) = h**2 + 36. What is c(a)?
36
Suppose -6*u - 20 = -u, -2*r = 4*u + 8. Suppose r = -11*m + 10*m. Let x be m/((-8)/3) - 55/(-22). Let d(b) = -b**3 + 6*b**2 - 2*b + 5. Determine d(x).
29
Suppose 318 = -9*z - 123. Let s = -46 - z. Let g(u) = -u + 1 - 2 - 1 - s. Calculate g(4).
-9
Let c(s) = 3*s**3 - s**2 + s - 1. Let h = -307 + 326. Suppose 5*o = 4*k - h, 0 = -5*k + 20*o - 21*o + 2. Give c(k).
2
Let b = 31 - 29. Let t(q) = 2*q**3 - 8 + 0 + b*q + 8*q**2 + 1. Let o(u) = -u**3 - 7*u**2 - 2*u + 6. Let r(x) = 4*o(x) + 3*t(x). What is r(3)?
15
Let i be (-10)/6*4422/(-670). Let a(s) = -19*s + 228. Determine a(i).
19
Let h(i) be the third derivative of -i**7/2520 - i**6/72 - i**5/15 + i**3/6 - 2*i**2 - 101*i. Let g(r) be the third derivative of h(r). What is g(-7)?
4
Let r(q) = 3 - 2 + 2 + 3*q + q**2. Suppose 0 = 90*w + 786492 - 786312. Calculate r(w).
1
Let g(f) be the first derivative of 55 - 3*f + 2*f**3 + 2*f**2 + 1/4*f**4. Calculate g(-5).
2
Suppose -4*i - 21 = -3*p, -4 + 1 = 2*i - 3*p. Let f(o) = -43*o**2 + 48*o + 13. Let c(v) = 63*v**2 - 71*v - 19. Let g(x) = -15*c(x) - 22*f(x). Determine g(i).
-1
Let v(f) = -2*f**3 + 4*f**2 - 13*f + 8. Let m(u) = u**3 - 2*u**2 + 13*u - 8. Let s(w) = -3*m(w) - 2*v(w). Give s(5).
18
Let c(q) = q**3 - 26*q**2 - q - 30*q**2 - 10*q**2 + 61*q**2 + 5. Suppose 2 + 8 = 2*a. Give c(a).
0
Suppose 3*d = 2*d + 69. Let g = 71 - d. Suppose -4*f = -g*j - 36, -f + 7 = 2*j + 8. Let u(r) = r**3 - 8*r**2 + 3*r + 9. What is u(f)?
-19
Let w(c) = 0 - c**2 - 7*c + 6 - 10. Let t be w(-3). Let m(v) be the second derivative of v**3/3 - 5*v**2 - 9*v. Give m(t).
6
Let l(t) be the third derivative of 1/3*t**3 + 0 + 1/20*t**5 - 2*t**2 - 35*t + 1/24*t**4. Determine l(-1).
4
Let v(k) be the second derivative of 1/6*k**3 - 1/6*k**4 + 54 - 1/2*k**2 + 2*k - 1/20*k**5. What is v(-2)?
-3
Suppose -3*l + 3*v = 0, -5*l - 3*v - 30 = 2*v. Let m be 2/(12/135) + 2/4. Let b(p) = 22*p**2 - 5*p + 88 - m*p**2 - 84. Give b(l).
10
Let s(r) = -r**2 + 42*r + 77 - 37*r + 19*r. Calculate s(27).
-4
Let c(d) be the second derivative of d**5/20 + 5*d**4/12 - 961*d + 2. Calculate c(-4).
16
Let a(v) = 30*v - 28. Let r(d) = 61*d - 71. Let q(t) = -10*a(t) + 4*r(t). Give q(-1).
52
Let z(i) = -195*i**2 + 2729*i + 4. Let l be z(14). Let g(x) = -x**2 - 33*x - 230. What is g(l)?
0
Let w(v) = -40611 + 13555 + 7*v + 13538 + 13540. What is w(-8)?
-34
Let o(z) be the third derivative of -z**6/24 + z**5/15 + z**4/12 + 4*z**3/3 + 112*z**2. Let g(r) = r**3 - 2*r**2 - 1. Let n(t) = 4*g(t) + o(t). What is n(-4)?
-4
Let l(h) be the first derivative of h**4/4 - 14*h**3/3 + 11*h**2/2 + 19*h - 214. Give l(13).
-7
Let z(f) be the second derivative of f**3/3 - 7*f**2/2 + 1133*f. What is z(8)?
9
Let d(s) = 3*s - 26 + 16 + 34 - 27. Determine d(-8).
-27
Let k(d) = 2*d**2 - 6*d + 1. Let h be k(4). Let s(z) be the second derivative of -z**5/20 + 2*z**4/3 + z**3 + 5*z**2 + 5319*z. Give s(h).
-17
Let q be (-2)/(-2)*-8*(-24)/64. Suppose 0*v - 3*v = 0. Let d(w) = 2 - 2*w + w + v*w. Calculate d(q).
-1
Let a be 3/(-2) + (-12)/8. Suppose 0*s = -2*s - 8. Let t be ((-27)/(-18))/(a/s). Let z(k) = -3*k**3 + 3*k**2 - 2*k + 2. What is z(t)?
-14
Let o(k) be the third derivative of k**5/60 + 2*k**3/3 - 5*k**2. Let u = 17659 - 17655. What is o(u)?
20
Let f(w) = -2*w**2 - 2 + 4*w - 11*w**2 + 14*w**2 + 0. Suppose -3*l = 5*i - 24, -i + 0*l + 12 = 3*l. Suppose 0 = -3*m + 5*o - 10, 4*o = m - i + 4. Give f(m).
3
Let r be (-848)/(-371) - (-4)/(-14). Let f(p) = 6*p - 14 + 8 + 5*p**r + 5 - 6*p**2. Determine f(6).
-1
Let y(u) = -2*u**2 + 11*u - 15. Suppose -29*a = -199 + 25. Determine y(a).
-21
Let m(r) = r - 7. Let b(q) = -7*q - 57 - 14*q**2 - q**3 - 7*q - 2*q - 2*q. Let d be b(-13). Give m(d).
1
Let o(d) be the second derivative of 1/6*d**3 + 37*d + 1/6*d**4 - 1/10*d**5 + 1/2*d**2 - 3. Determine o(2).
-5
Let w be ((-18)/4)/((-9)/18). Let q(i) = w*i - 12*i + 0*i - 5 + 6*i. What is q(6)?
13
Let b = -56 - -64. Suppose b*m - 15 = 3*m. Suppose 2*n - m*n - 3 = 0. Let t(h) = h + 7. Determine t(n).
4
Let u be (4/(-2))/((-42)/(-7))*0. Suppose -f - i - 6 = u, 3*i - 2*i + 21 = -4*f. Let m(k) = k**2 + 6*k - 3. Calculate m(f).
-8
Let z(k) = -10*k - 6. Let f(h) = -22*h - 14. Let q = 230 - 217. Let b(s) = q*z(s) - 6*f(s). Determine b(-6).
-6
Let l(n) = -14*n - 1663. Let h be l(-118). Let w(p) = 2*p**2 + 23*p - 12. What is w(h)?
-23
Let y(j) = j**2 - 6*j + 4. Let b be ((-6)/(-5))/(18/(-90)). Let w be 5*b/30 + 3. What is y(w)?
-4
Let g(a) = -4*a**2 + 2*a**2 - a + 9*a + 5*a**2 - 12 - 4*a**2. Suppose -2*o - 28 = -0*h - 3*h, -3*h + o = -26. Calculate g(h).
-12
Let u(s) = 9 + 31*s - 10 - 24*s. Let p be -1*4*(-4)/16. Give u(p).
6
Let n(l) be the third derivative of -5*l**4/24 - 68*l**3/3 - 2*l**2 + 1398*l - 2. Give n(-27).
-1
Let m(g) = -39*g + 0*g**3 + 8*g**3 - 84 + 41 + 42*g**2 - 9*g**3 - 34. What is m(41)?
5
Let q(y) = 5 + 58*y + 1 - 52*y + 2*y**2. Let s = 17 - 12. Suppose 0 = -s*t - 17 - 3. Give q(t).
14
Let r(u) = 49*u**2 + 4*u - 3. Let g(s) = -24*s**2 - 2*s + 1. Let o(l) = -5*g(l) - 2*r(l). Let x = -122 - -121. What is o(x)?
21
Let a(b) = -b**2 - 4*b + 10. Let k = 72 - 53. Suppose 0 = 13*w - 84 + k. Suppose -2*u = -4*u, 3*m + 21 = w*u. Give a(m).
-11
Let d(x) = -41 - 153 + 201 + 6*x. Determine d(5).
37
Let u be (-60)/(-8)*(80/(-25))/4. Let q(r) = 7*r**2 - 10*r**2 + 2*r**2 + 2*r - 2 + 2*r**2. What is q(u)?
22
Let w(r) = 15*r**2 + 10*r + 9. Let c be w(-1). Let h(g) = 26*g -